{"id":36,"date":"2015-09-20T19:35:30","date_gmt":"2015-09-20T17:35:30","guid":{"rendered":"http:\/\/zak-tuebingen.org\/?page_id=36"},"modified":"2015-09-20T20:09:13","modified_gmt":"2015-09-20T18:09:13","slug":"soziale-infrastruktur","status":"publish","type":"page","link":"http:\/\/zak-tuebingen.org\/?page_id=36","title":{"rendered":"Soziale Infrastruktur"},"content":{"rendered":"<p>Ob Lehman Brothers oder Hartz IV, ob Lampedusa oder Fukushima: der neoliberale Kapitalismus hangelt sich von Krise zu Krise. Einen Weg zur\u00fcck zu Sozialstaat und Keynesianismus gibt es nicht (er ist auch nicht w\u00fcnschenswert). In dieser Situation hat die Frankfurter Autor_innengruppe links-netz eine radikale Alternative formuliert: &#8222;Sozialpolitik als Bereitstellung einer sozialen Infrastruktur&#8220; (<a href=\"http:\/\/www.links-netz.de\" target=\"_blank\">www.links-netz.de<\/a>). Bildung, Gesundheitsversorgung, Mobilit\u00e4t, Wohnen usw. sind als Grundrechte anerkannt. Die Gesellschaft stellt daf\u00fcr die notwendigen Mittel zur Verf\u00fcgung. F\u00fcr alle.<\/p>\n<p>Dieses Konzept bricht mit herk\u00f6mmlichen Denkfaulheiten und etablierten Interessen. Es lie\u00dfe sich bereits im Rahmen der bestehenden kapitalistischen Verh\u00e4ltnisse umsetzen. Doch gleichzeitig weist es dar\u00fcber hinaus und zielt auf neue Formen der Vergesellschaftung.<\/p>\n<p>Mit einer bundesweiten Tagung im Juli 2011 haben wir den links-netz-Entwurf reflektiert und versucht f\u00fcr eine linke politische Praxis nutzbar zu machen. Dabei stand nicht die Kritik der herrschenden Verh\u00e4ltnisse im Vordergrund, sondern die Konkretisierung von Ans\u00e4tzen einer &#8222;sozialen Infrastruktur&#8220; als radikale Reform-Alternative. Wir haben verschiedene lokale und \u00fcberregionale Debatten (Commons, Grundeinkommen, u.a.) ebenso aufgegriffen wie\u00a0 konkrete Praxiserfahrungen z.B. mit der Kampagne &#8222;<a href=\"http:\/\/zak-tuebingen.org\/?page_id=10\">T\u00dc-Bus umsonst<\/a>&#8222;. Ausgangspunkte f\u00fcr die Diskussion zu den verschiedenen Grundrechten im Kontext des Konzepts der sozialen Infrastruktur waren folgende Texte:<\/p>\n<p><strong>Gesundheit<\/strong>:<br \/>\n<a href=\"http:\/\/www.links-netz.de\/K_texte\/K_links-netz_gesundheit.html\" target=\"_blank\">Soziale Infrastruktur im Gesundheitsbereich, AG links-netz<\/a><\/p>\n<p><strong>Bildung<\/strong>:<br \/>\n<a href=\"http:\/\/www.links-netz.de\/K_texte\/K_bruechert_infrastruktur.html\" target=\"_blank\">Warum es sich lohnen k\u00f6nnte, Bildung als Infrastruktur zu denken, Oliver Br\u00fcchert<\/a><\/p>\n<p><strong>Wohnen<\/strong>:<br \/>\n<a href=\"http:\/\/www.links-netz.de\/K_texte\/K_vrenegor_infrastruktur.html\" target=\"_blank\">Sozialpolitik als Bereitstellung einer sozialen Infrastruktur &#8211; Was hei\u00dft das in Bezug auf das \u201eWohnen\u201c?, Nicole Vrenegor und Manuel Os\u00f3rio<\/a><\/p>\n<p><strong>Mobilit\u00e4t<\/strong>:<br \/>\n<a href=\"http:\/\/zak-tuebingen.org\/wp-content\/uploads\/2015\/09\/brosch\u00fcreeinleitung4linksnetz.pdf\" target=\"_blank\">Realpolitik mit utopischem \u00dcberschuss. Unsere Erfahrungen mit der Nulltarif-Forderung in T\u00fcbingen, ZAK\u00b3<\/a><\/p>\n<p><strong>Globale Soziale Rechte<\/strong>:<br \/>\n<a href=\"http:\/\/zak-tuebingen.org\/wp-content\/uploads\/2015\/09\/Bewegungsdiskurs-GSR-Nov-07.pdf\" target=\"_blank\">Nichtregierungsorganisationen als Akteure f\u00fcr \u201eGlobale Soziale Rechte&#8220;, Thomas Gebauer<\/a><\/p>\n","protected":false},"excerpt":{"rendered":"<p>Ob Lehman Brothers oder Hartz IV, ob Lampedusa oder Fukushima: der neoliberale Kapitalismus hangelt sich von Krise zu Krise. Einen Weg zur\u00fcck zu Sozialstaat und Keynesianismus gibt es nicht (er ist auch nicht w\u00fcnschenswert). In dieser Situation hat die Frankfurter Autor_innengruppe links-netz eine radikale Alternative formuliert: &#8222;Sozialpolitik als Bereitstellung einer sozialen Infrastruktur&#8220; (www.links-netz.de). Bildung, Gesundheitsversorgung, [&hellip;]<\/p>\n","protected":false},"author":1,"featured_media":0,"parent":0,"menu_order":0,"comment_status":"closed","ping_status":"closed","template":"","meta":{"footnotes":""},"class_list":["post-36","page","type-page","status-publish","hentry"],"_links":{"self":[{"href":"http:\/\/zak-tuebingen.org\/index.php?rest_route=\/wp\/v2\/pages\/36","targetHints":{"allow":["GET"]}}],"collection":[{"href":"http:\/\/zak-tuebingen.org\/index.php?rest_route=\/wp\/v2\/pages"}],"about":[{"href":"http:\/\/zak-tuebingen.org\/index.php?rest_route=\/wp\/v2\/types\/page"}],"author":[{"embeddable":true,"href":"http:\/\/zak-tuebingen.org\/index.php?rest_route=\/wp\/v2\/users\/1"}],"replies":[{"embeddable":true,"href":"http:\/\/zak-tuebingen.org\/index.php?rest_route=%2Fwp%2Fv2%2Fcomments&post=36"}],"version-history":[{"count":9,"href":"http:\/\/zak-tuebingen.org\/index.php?rest_route=\/wp\/v2\/pages\/36\/revisions"}],"predecessor-version":[{"id":48,"href":"http:\/\/zak-tuebingen.org\/index.php?rest_route=\/wp\/v2\/pages\/36\/revisions\/48"}],"wp:attachment":[{"href":"http:\/\/zak-tuebingen.org\/index.php?rest_route=%2Fwp%2Fv2%2Fmedia&parent=36"}],"curies":[{"name":"wp","href":"https:\/\/api.w.org\/{rel}","templated":true}]}}